*m - m + 3*m**2 + m**3 - 6*m**2 - 5. Determine c(4).
-5
Let k(z) = -2*z**2 - 3*z - 3. Let q(j) be the first derivative of -j**3 - 2*j**2 - 4*j + 2. Let n(g) = -4*k(g) + 3*q(g). Give n(3).
-9
Let b(s) = 4*s**3 - 5*s**2 - 2*s + 4. Let q(f) = -7*f**3 + 9*f**2 + 4*f - 7. Let y(a) = -5*b(a) - 3*q(a). Let h = -30 - -32. What is y(h)?
-3
Let a(s) = -s - 4 - s**2 - s + 5*s. Suppose -2*c + 3*j + 16 = 0, -4*j + j = 0. Let m = -5 + c. Calculate a(m).
-4
Let o(f) = 2*f**3 - 1. Let k(t) = -2*t**2 - 2*t + 2. Let g be k(-3). Let i = 9 + g. Determine o(i).
-3
Let d(u) = -2*u**3 - 3*u**2 - 2*u + 13. Let l(f) = f**3 + 2*f**2 + f - 7. Let g = -1 - -4. Let k(o) = g*d(o) + 5*l(o). Determine k(0).
4
Let a(x) be the third derivative of -x**5/120 - x**4/4 + x**3/6 + x**2. Let n(o) be the first derivative of a(o). Let h = -219 + 214. What is n(h)?
-1
Let n = 10 - 17. Let i(u) = -u**2 - 7*u + 6. Give i(n).
6
Let c = -2 - -1. Let b(r) = -r. What is b(c)?
1
Let s = 1 - 2. Let m be 4 + -2 - (s + 1). Let r(d) = -3 + d + 2 + m. What is r(-1)?
0
Let l(t) = -t**3 - 4*t**2 - t + 1. Let h be l(-4). Let n(f) be the first derivative of f**2 - 7*f - 4 + 0 + 5. Determine n(h).
3
Suppose -2*w - 28 = 4*x - 7*x, -2*x = w - 7. Let l(n) = -n**3 - n**2. Let r(b) = 6*b**2 + 6*b + 6. Let d(o) = l(o) + r(o). Calculate d(x).
6
Let g(s) be the second derivative of -s**5/20 - s**4/4 + 2*s**3/3 + s**2 - s. Give g(-4).
2
Suppose -6*y - 3*w + 3 = -y, y + 13 = -4*w. Let t(c) = c**3 - c**2 - c - 1. Let m(s) = -7*s**3 + 9*s**2 + 6*s + 5. Let z(f) = m(f) + 6*t(f). Determine z(y).
-1
Let p(t) be the first derivative of -t**3/3 + t**2 + 3*t - 5. Let r(z) = z**2 - 3*z - 3. Let f(d) = -3*p(d) - 2*r(d). Determine f(0).
-3
Suppose -2*q - 5*l - 12 = 0, -10 - 4 = 4*q + 5*l. Suppose u + 5*j - 15 = 15, 2*j = -u + 15. Let n(p) = -4*p**2 + 0 - u*p + 4*p - 1. Give n(q).
-4
Let f(t) = -t**3 + 4*t**2 + 4*t + 7. Let x be f(5). Let b(i) = i**x + 3 - 5*i**2 + 1 + i + i**3. Determine b(3).
-2
Let t = 6 - 10. Let y(n) be the second derivative of 0*n**2 + n + 0 + 1/12*n**4 + 5/6*n**3. Give y(t).
-4
Let g(z) be the third derivative of 0*z**5 - 1/8*z**6 - 2*z**2 + 0*z**4 + 0*z + 0*z**3 + 0. Determine g(1).
-15
Let k(y) = -6*y**3 - 10*y**2 - 6*y - 5. Let r = -18 + 13. Let i(l) = -l**3 - l**2 - 1. Let c(j) = r*i(j) + k(j). Determine c(-4).
8
Let t(g) = -3*g. Let m(b) = -4*b**3 - 4*b**2 + b - 2. Let k(h) = -9*h**3 - 9*h**2 + 2*h - 4. Let p(u) = -2*k(u) + 5*m(u). Let c be p(-2). Give t(c).
-12
Let y(g) be the third derivative of -g**4/12 + g**3/6 + g**2. Let s = 6 + 1. Let i = -12 + s. Give y(i).
11
Let g(a) be the first derivative of a**3 - a**2 + 2*a + 2 + 1/4*a**4. Let w(r) = r**3 + 3*r**2 - 3*r + 2. Let b(y) = 7*g(y) - 6*w(y). Determine b(-2).
-2
Let t(p) = -3*p + 1. Let j(b) = -7*b + 11. Let m(h) = -3*h + 5. Let a(y) = -2*j(y) + 5*m(y). Let s be a(2). Calculate t(s).
-2
Let i(h) = -12*h. Let z(f) = -f. Let l(n) = i(n) - 10*z(n). Give l(1).
-2
Let w = -21 - -19. Let v(f) = -f**2 - 2*f. Calculate v(w).
0
Suppose -k = k - 46. Let b = 21 - k. Let l(u) = u**3 - u**2 + u + 2. Determine l(b).
-12
Let s(h) be the first derivative of 2 + 0*h + 1/2*h**2. Give s(-6).
-6
Let l = 6 + -4. Let d(h) = l - 10 - h**3 - 1 - h. Let b = 26 - 26. Give d(b).
-9
Let u(t) be the first derivative of -4 + 3*t - 3*t**2 - 2/3*t**3 + 1/12*t**4. Let i(g) be the first derivative of u(g). Determine i(6).
6
Suppose -26*x = -29*x + 3. Let y(d) = -1 - 7*d**3 - 2*d**2 + 6*d**2 - 2*d**2. Calculate y(x).
-6
Suppose -6*m + 4 = -2*m. Let t(w) = -w - 1 - m + 0*w. Let a = 1 + -1. Give t(a).
-2
Let q(l) = -l - 7*l**2 + 22 + 9*l**2 - 7*l**3 + 6*l**3 - 3*l**2. Give q(0).
22
Let p(i) = i**3 + 5*i**2 + 4*i - 4. Let w = 3 - 0. Let l(z) = -z**3 + 7*z**2 - 5*z + 4. Let a be l(w). Let g be (-1)/(-5) + (-105)/a. Give p(g).
-4
Let t be (1 - 0)*-2 + -4. Let m be t/8 + 1/(-4). Let s(w) = w - w - 11*w**3 + 209 - 210. What is s(m)?
10
Let f(a) = a - 3*a**2 - 2*a**2 + 0*a**2 + 4*a**2. What is f(2)?
-2
Let w(p) be the second derivative of p**4/2 - p**3/6 - p**2/2 - 9*p. Calculate w(-1).
6
Let b(j) be the first derivative of -j**4/4 - 2*j**3 - 6*j + 11. Determine b(-6).
-6
Let p(m) = m - 5. Suppose 0*v = 5*v - 5. Suppose -y - 13 = -4*h, -4*y + 3*y = -h - 2. Let i be 2*(v - y/2). Determine p(i).
-10
Let i(o) = o + 4. Suppose 0 = -4*f + 6 + 2. Suppose -f*d - 4*c = -0*c + 20, d + c = -7. Give i(d).
0
Let g(y) = 2*y - 13. Let n(w) = w - 7. Let q(h) = 4*g(h) - 7*n(h). Let r(c) = 2*c - 2. Let a = 2 - -1. Let i be r(a). What is q(i)?
1
Let j(m) = -3*m - 2. Let w be j(-2). Let x(u) = 0 + u - w + 2. Give x(2).
0
Let b(s) = 2*s - 4*s + 3 + 3*s**2 - 5*s**2. Let n be (-20)/(-6)*15/10. Suppose -2*p = -15 + n, -5*k - 15 = -5*p. Calculate b(k).
-9
Let h = -2 + 5. Suppose t + 5 = h. Let r(w) = -3*w**3 + 2*w**2 + 2*w - 1 + 6*w**3 - 3*w - 2*w**3. Determine r(t).
1
Suppose 0 = -7*m + 3*m. Let v(l) be the third derivative of l**4/24 + l**3/2 - 22*l**2 - 1. Determine v(m).
3
Suppose 4*q - 4 - 12 = 0. Suppose -3 = -5*d + 7. Let b(z) = 5*z + 1 + 0*z**2 - 2*z**d + z**2. Calculate b(q).
5
Let p(w) = -w - 4. Let n be 32/24*(3 - 0). Suppose -n = g - 0*g. Determine p(g).
0
Suppose -2*j - 2*j + 19 = m, 9 = 3*m. Let f(c) = c**3 - 9*c**2 + 10*c - 6. Let s(i) = -2*i + 1 + 0*i**2 + i + i**2. Let d(z) = -f(z) - 4*s(z). Calculate d(j).
-6
Let o(f) = f + 1. Let p = 45 + -51. Determine o(p).
-5
Let t(b) = 2*b**2 + 11*b + 15. Let l(v) = -v**2 - 6*v - 8. Let j be (44/8)/((-2)/4). Let m(a) = j*l(a) - 6*t(a). Determine m(2).
-6
Suppose 0*i = -2*t + i + 15, -24 = -2*t + 4*i. Let z(s) = s**2 - 5*s + 1. Determine z(t).
7
Suppose 4*p = -5*d + 537, 0 = -p + 4*d + 87 + 21. Let s be (p/(-48))/((-4)/(-6)). Let m(b) = -b**3 - 5*b**2 - 4*b + 1. Calculate m(s).
1
Let k(l) = -l**2 + 8*l. Let j be k(7). Let d(o) = 1 + 3*o**2 - 3 - 4*o**2 + 10 + 7*o. Determine d(j).
8
Let y(g) = 2*g**2 - 4*g + 7. Let c(u) = 5*u**2 - 12*u + 20. Let o(d) = 4*c(d) - 11*y(d). Determine o(-4).
-13
Let y(b) = 25*b**2 + 1 + 3*b - b**3 - 29*b**2 + 2. Calculate y(-4).
-9
Let j(g) = 2*g**2 - 4*g + 2. Let f be j(2). Let q(k) = k**f + 0*k**2 - 3*k**2 + k**2 + 7*k. Give q(6).
6
Let m(b) = 1 - 14*b + 10*b + 4. Calculate m(4).
-11
Let c(t) be the third derivative of t**5/30 + t**4/6 - t**3/6 - 4*t**2. Let z(l) = -3*l**2 + l - 1. Let y be z(1). Determine c(y).
5
Let o(w) = -4*w - 6. Let r(y) = 3*y + 6. Let j(k) = 2*o(k) + 3*r(k). Suppose 3*f + 3*m - 3 = 0, -10 = -4*f - 2*m + 2. Let t = 1 - f. What is j(t)?
2
Let p(q) = -q. Let x be 4/6*(-5 - -11). Suppose -u + 0*u - 3 = -r, -2*r = -5*u - 15. Suppose n = -r*n - x. Determine p(n).
4
Let j(c) = -2*c - 1. Let w be ((-9)/(-6))/(6/16). Suppose 9 = w*l + 1. Suppose -4*d + l = -3*v, -2*v - 1 = -5*d - 2. Give j(d).
1
Let t(m) = m**2 + 6*m - 6. Let q(u) = -u - 7. Let i be q(0). Give t(i).
1
Let n(s) be the third derivative of -s**4/24 + 2*s**3/3 + s**2. Let f(y) = y**3 - 6*y**2 + 3*y + 3. Let b be f(5). Let h = 12 + b. Calculate n(h).
-1
Let t be (-3)/(-6) - 10/4. Let f = 2 + t. Let m(d) be the second derivative of d**5/20 + d**4/12 + d**3/6 - 31*d - 1. Give m(f).
0
Let l(y) = y - 7. Let w be -3 + 1 + 0 - -15. Let p = -7 + w. Suppose -c + 3 = 0, -f - 2*c + p*c - 8 = 0. Calculate l(f).
-3
Suppose b - 4 = 2. Let n(k) = -k + 6. What is n(b)?
0
Suppose -2*v + 0*v = 0. Suppose v = 4*t + 5 - 25. Suppose 3*k = -t*l - 10, -3*l - 30 = -0*k - 3*k. Let d(b) = -b**3 + 4*b**2 + 3*b + 7. Give d(k).
-3
Let i(j) = 0 + 2 + 4*j - 5*j. Let b be (-8)/10*-5*1. Determine i(b).
-2
Let p(h) = -5*h**3 + 12*h**2 - h - 10. Let u(x) = -3*x**3 + 6*x**2 - x - 5. Let y(g) = -4*p(g) + 7*u(g). Give y(-5).
-5
Let w(s) = -s**3 - 7*s**2 - 7*s - 9. Suppose -r + n = 2, 0*n = -3*r + n - 14. Determine w(r).
-3
Let a be 23 - 4*(-3)/(-12). Let d = a - 19. Let k(u) = -u**2 + 5*u - 2. Determine k(d).
4
Let w(m) = m - 2. Suppose -11 + 5 = -2*t. Give w(t).
1
Suppose -2*c = 2*c. Suppose c*y + 44 = y - 5*a, 2*a + 10 = 0. Suppose -5*i = -3*t - 25, -5*t - 3*i - 4 = -y. Let l(w) = -w + 7. Give l(t).
7
Let n(t) = 1 - 2*t + 22*t**2 + 1 - 20*t**2. Determine n(2).
6
Let w(h) = 2*h + 11. Let f(c) = 5*c + 33. Let r be -3 + 3 + -1 + 9. Let m(k) = r*w(k) - 3*f(k). Let o(u) = u - 4. Let s be o(4). Calculate m(s).
-11
Suppose -3*u + 10*u = -7. Let v(z) = z. Determine v(u).
-1
Let g(